hest common factor of 45 and 2994990.
15
Calculate the highest common factor of 187 and 180224935.
11
Calculate the highest common factor of 9843442 and 98.
14
What is the greatest common factor of 1334 and 7142903?
667
What is the greatest common divisor of 178011394 and 66?
22
Calculate the greatest common factor of 207394047 and 378.
189
What is the greatest common factor of 131497785 and 180?
45
Calculate the greatest common factor of 33939 and 607550.
419
What is the highest common divisor of 429243 and 145867?
199
Calculate the greatest common factor of 85877290 and 4580.
2290
Calculate the greatest common divisor of 472 and 887352.
8
What is the greatest common divisor of 7680 and 7649160?
120
What is the greatest common divisor of 7410 and 44994?
6
Calculate the greatest common divisor of 236416 and 10.
2
Calculate the greatest common divisor of 23885 and 740.
5
What is the greatest common factor of 1148 and 198358?
82
What is the greatest common factor of 532156389 and 47532?
11883
What is the greatest common divisor of 5241555 and 1485?
495
Calculate the greatest common factor of 567069 and 5763.
51
Calculate the greatest common divisor of 25129118 and 3171.
1057
Calculate the greatest common factor of 32149 and 1313.
13
Calculate the greatest common divisor of 126960 and 402408.
552
Calculate the greatest common divisor of 4369372 and 1218.
406
What is the highest common divisor of 14388516 and 2712?
1356
Calculate the highest common factor of 1582 and 2828.
14
Calculate the highest common factor of 111 and 2468724693.
111
What is the highest common divisor of 1444086 and 20253?
471
What is the highest common factor of 230 and 64535290?
10
Calculate the highest common divisor of 5103349 and 155839.
1513
Calculate the highest common divisor of 17859164 and 114.
38
Calculate the highest common factor of 1870 and 280738.
34
What is the highest common factor of 2021875 and 73?
1
What is the greatest common factor of 93 and 31070773?
31
What is the highest common factor of 5700 and 248342160?
1140
Calculate the highest common divisor of 80705164 and 2716.
388
What is the greatest common factor of 30314 and 17134?
1318
Calculate the greatest common divisor of 23804115 and 75.
15
Calculate the highest common factor of 245726 and 5486.
26
Calculate the highest common divisor of 40283066 and 813.
271
Calculate the greatest common factor of 910013 and 247.
13
Calculate the greatest common factor of 5032 and 209576.
136
What is the highest common factor of 6762154 and 124?
62
What is the highest common factor of 12482765 and 5?
5
Calculate the highest common factor of 16301424 and 336.
48
Calculate the greatest common factor of 52794450 and 900.
450
Calculate the greatest common divisor of 64335467 and 634.
317
What is the greatest common factor of 48 and 9280528?
16
Calculate the greatest common divisor of 1912 and 212960.
8
What is the highest common factor of 51 and 77608893?
51
Calculate the highest common factor of 723356888 and 233.
233
Calculate the greatest common divisor of 20553 and 899457.
39
Calculate the highest common factor of 256542 and 12282.
138
Calculate the highest common divisor of 544 and 267410.
34
What is the highest common factor of 66794461 and 23?
23
What is the highest common divisor of 3264 and 20872464?
816
What is the highest common factor of 2263072 and 248?
8
Calculate the highest common factor of 32 and 21904208.
16
Calculate the highest common factor of 64651316 and 16.
4
Calculate the greatest common divisor of 1700 and 27565840.
340
Calculate the greatest common divisor of 6149752 and 238.
14
Calculate the highest common divisor of 71747 and 19422.
13
Calculate the greatest common factor of 70854612 and 5077.
5077
What is the highest common divisor of 33 and 158682?
3
Calculate the greatest common factor of 453722325 and 402.
201
What is the highest common divisor of 49324 and 400?
4
Calculate the highest common factor of 12243 and 12247081.
4081
Calculate the greatest common divisor of 96 and 353958.
6
Calculate the highest common factor of 9 and 25359.
3
Calculate the greatest common divisor of 195782848 and 224.
32
What is the highest common divisor of 18 and 8393754744?
18
Calculate the greatest common divisor of 756735 and 13405.
35
What is the greatest common factor of 35136 and 15403293?
549
Calculate the greatest common divisor of 85 and 43405760.
85
What is the highest common factor of 7910895 and 240?
15
Calculate the greatest common factor of 1007069 and 27549.
3061
Calculate the greatest common divisor of 4995859 and 15631.
319
What is the highest common divisor of 106980307 and 938?
469
What is the greatest common factor of 61489034 and 30?
2
Calculate the highest common factor of 1672 and 9660512.
152
Calculate the highest common divisor of 61620 and 473460.
780
Calculate the highest common divisor of 25035 and 1283010.
15
What is the highest common divisor of 93433615 and 11?
11
Calculate the greatest common divisor of 1249115 and 290725.
2005
What is the highest common divisor of 2080632 and 40?
8
What is the greatest common factor of 455699 and 65803?
23
Calculate the highest common factor of 843264 and 21568.
64
Calculate the greatest common factor of 2559400 and 1541.
67
What is the greatest common factor of 161 and 734551?
23
What is the greatest common divisor of 2093325 and 3990?
285
Calculate the highest common factor of 895 and 16640735.
895
What is the highest common factor of 2584326 and 149202?
1842
Calculate the highest common divisor of 4572930 and 5634.
1878
Calculate the greatest common divisor of 35984 and 15248.
16
Calculate the highest common factor of 4805 and 27831521.
961
What is the greatest common divisor of 5844 and 883861170?
2922
What is the highest common factor of 147012166 and 1414?
1414
What is the highest common divisor of 154983944 and 14120?
2824
What is the greatest common divisor of 871335 and 4824?
603
Calculate the greatest common factor of 22220583 and 1581.
93
Calculate the greatest common factor of 1060085 and 3117101.
4511
What is the highest common divisor of 437937 and 1904?
17
Calculate the greatest common factor of 142358936 and 4430.
886
Calculate the greatest common factor of 33785 and 4893.
233
What is the greatest common divisor of 14432967 and 99?
9
What is the highest common factor of 1939300 and 5500?
1100
Calculate the highest common divisor of 13441412 and 27914.
1642
What is the highest common divisor of 63218484 and 12?
12
What is the greatest common divisor of 166325640 and 6240?
1560
What is the greatest common divisor of 732543028 and 4088?
2044
Calculate the greatest common factor of 745287854 and 22746.
7582
What is the highest common factor of 1796 and 13036?
4
Calculate the highest common divisor of 30400974 and 1930.
386
What is the greatest common divisor of 849013 and 341?
11
What is the greatest common factor of 16155180 and 24?
12
What is the highest common factor of 19986537 and 5301?
1767
Calculate the greatest common factor of 626376 and 699.
3
Calculate the greatest common divisor of 5259060 and 19980.
540
What is the highest common divisor of 14122 and 2858170?
614
Calculate the highest common divisor of 2475 and 672628275.
2475
Calculate the greatest common divisor of 44 and 27609844.
4
Calculate the greatest common divisor of 10520 and 1057970100.
5260
What is the highest common divisor of 26528 and 57184?
32
Calculate the greatest common divisor of 24 and 2209944.
24
Calculate the highest common factor of 22145116 and 28.
28
What is the greatest common factor of 837816 and 100968?
168
What is the greatest common factor of 188280 and 8064?
72
Calculate the greatest common divisor of 68 and 3975654.
34
Calculate the highest common divisor of 1575684 and 59961.
759
What is the highest common factor of 1918 and 1548648?
274
What is the highest common divisor of 330409261 and 26?
13
What is the highest common factor of 3604 and 198962?
106
What is the highest common factor of 520740 and 131967?
99
Calculate the greatest common factor of 81768336 and 8437.
767
Calculate the highest common factor of 342203 and 31.
1
Calculate the greatest common factor of 9563 and 971627.
131
Calculate the greatest common factor of 295